)?
1
Let u(y) = -y**3 + 33*y**2 + 71*y - 184. What is the units digit of u(29)?
9
Let s(z) be the first derivative of 7*z**2/2 + 4*z + 1. Let h(i) = 3*i - 16. Let k be h(6). What is the units digit of s(k)?
8
Let a be (-27)/18*32/(-3). Let q = 37 - a. What is the tens digit of q?
2
Suppose 8*w = 5*w - 27. What is the tens digit of 1 + 4881/27 - 2/w?
8
Suppose 0 = -0*z - 2*z - 96. What is the units digit of (-578)/(-7) + z/84?
2
Let l = 3447 - 3032. What is the hundreds digit of l?
4
Let m = 1169 + 3430. What is the hundreds digit of m?
5
Let w(v) = -v**3 - 10*v**2 - 15*v - 16. Let a be w(-9). Let s = 7 + a. What is the units digit of s?
5
Let o = 11 + -4. Suppose 3*r + 5*y - o - 11 = 0, 5*r - 11 = -2*y. Suppose -r = 5*a - 31. What is the units digit of a?
6
Let v be (0 - -1)*(1 - -1). Suppose 0 = v*p - 5*p + 3. What is the units digit of 1*(p - -6 - -2)?
9
Suppose -3*i + 10 = 2*i. Let u be 70/(-49)*(-1 - 27). Suppose 0*n + u = i*n. What is the tens digit of n?
2
Let s(d) = 6*d**2 + 52*d - 38. What is the thousands digit of s(20)?
3
Let q(m) = -3*m + 2. Suppose b - 8 = -3*b. Let u = b - 13. What is the tens digit of q(u)?
3
Let g(u) = -106*u**3 + u**2 + 11*u + 9. What is the hundreds digit of g(-2)?
8
Suppose -1223 - 99 = 4*n - 2*y, 2*n + 643 = -5*y. Let s = 590 + n. What is the hundreds digit of s?
2
Let t(l) = -l**2 - 7*l + 6. Let n(m) = 7*m - 7. Let u(d) = -3*n(d) - 2*t(d). What is the tens digit of u(4)?
1
Suppose -2667 - 353 = -5*g. What is the units digit of g?
4
Suppose -k - 5*c = 2*k + 27, -2*k = 3*c + 19. Let l(s) = -s**2 + s + 23. Let v be l(0). Let g = v + k. What is the units digit of g?
9
Suppose 0 = -0*f + f - 14. Suppose 3*j - j = -f. Let q = 12 + j. What is the units digit of q?
5
Let h be 6 + 1 + (-3 - 0). Suppose 7*v - 2*v - 1376 = h*k, 5*k + 1108 = 4*v. What is the units digit of v?
2
Let l(g) = g**3 + 21*g**2 + 26*g + 45. What is the tens digit of l(-16)?
0
Let d(t) = -t**3 - 5*t**2 - 37*t + 29. What is the units digit of d(-9)?
6
What is the tens digit of 19/38 + 6130/4?
3
Let n(r) = -2*r**3 - 2*r**2 - r - 2. Let q be n(-3). Suppose -u + 70 = -q. What is the hundreds digit of u?
1
Let a(w) = -w**2 + 5*w + 2. Let p be a(5). Suppose 0 = 4*r + p*o - 6, 0 = 3*r - r - 3*o + 1. What is the tens digit of 0 + -3 + r - -16?
1
Let r = -46 + 33. Let i = r + 11. What is the tens digit of (-5 - -6) + i + 22?
2
Suppose -21*s = -25*s + 168. Let c = 12 + s. Let a = c - 19. What is the units digit of a?
5
Suppose -5*d + 20 - 5 = 0. Let m = 19 + d. Let f = m - 5. What is the units digit of f?
7
Let v(p) = -p - 6. Let x be v(-12). Suppose -x*u + 22 = -4*u. What is the tens digit of u?
1
Suppose -46*p + 9361 = -23*p. What is the units digit of p?
7
Let v be 0 - -15 - (-28)/14. Suppose -v*p + 320 = -12*p. What is the units digit of p?
4
Let d(g) = -493*g**3 - 2*g**2 - g. What is the hundreds digit of d(-1)?
4
Suppose 3 = 5*y - 7. Suppose 178 = 4*h + 3*b, -2*b + 4*b + 82 = y*h. Let z = -24 + h. What is the tens digit of z?
1
What is the hundreds digit of 270/(-75)*(-11)/(132/11960)?
5
What is the hundreds digit of (2 - 3)*((-9462)/6 - -3)?
5
Let y(x) = 21*x**2 + 4*x + 3. Let t be y(-1). What is the units digit of (-1)/5 + 1984/t?
9
Suppose -6*u - 10 = -9*u - 4*h, -u = -4*h + 18. Let w(g) = g**3 + 4*g**2 - 5*g - 4. Let m be w(-5). What is the units digit of (-61)/(-2) - u/m?
0
Let t(u) = -u**3 + u**2 + 4*u + 9. What is the units digit of t(-2)?
3
Let p(l) = -8*l**2 + 244*l - 23. What is the tens digit of p(26)?
1
Let x = -394 + 634. What is the tens digit of x?
4
Let p = -27 - -19. Let h(n) be the first derivative of -n**2 - 1. What is the units digit of h(p)?
6
Suppose -3*k = u - 4*u - 18, 0 = 4*u - 3*k + 19. What is the tens digit of (2 + 0 + u)*1 + 128?
2
Let a(b) = 5 - 6 - 3*b - b**2 + 12. Let i be a(-6). What is the tens digit of (-101)/(-2) - i/14?
5
Let l(z) = -z**3 - 20*z**2 - z - 22. Let m be l(-20). What is the units digit of (5/(5/78))/(3 + m)?
8
Suppose 12*m - 48 = 4*m. Let p(l) = 3*l**2 - 5*l - 4. What is the tens digit of p(m)?
7
Let z(o) = -o**3 + 6*o**2 - 5*o - 4. Let b be z(4). Let c = b - 5. What is the units digit of 3 + (-3 + 6 - c)?
3
Suppose 1173 = 4*v + h, 6*h - 3*h + 876 = 3*v. Suppose z = -g - z + 60, -5*g - 3*z = -v. What is the units digit of g?
8
Suppose 2*g + 5*d - 362 = 0, 0*d - 350 = -2*g + d. Suppose -g = -2*x - x - 5*p, 5*p - 20 = 0. What is the tens digit of x?
5
Suppose -y = -763 + 184. What is the hundreds digit of y?
5
Suppose 25 = -5*z, -5*m - z + 25 = -3*z. Suppose 196 + 200 = m*v. What is the tens digit of v?
3
Let y(p) = p**3 - 6*p**2 + 5*p + 2. Let m be y(5). Let h = 628 - 536. Suppose 6*a - h = m*a. What is the units digit of a?
3
Suppose 0 = -65*c + 8*c + 13338. What is the tens digit of c?
3
Suppose -19*o + 14252 = 9*o. What is the tens digit of o?
0
Let v(b) = b**3 - 6*b**2 - 3*b - 9. Let o(l) = -l**3 - 6*l**2 - 3*l + 17. Let h be o(-5). Let n be v(h). What is the tens digit of ((-38)/3)/(n/(-57))?
3
Suppose 4*p = -p - 1425. Let o be (-6)/(-10) - p/25. Let x = -8 + o. What is the units digit of x?
4
Let r be ((-2)/(-2)*0)/(-2). Let n = -3 - -6. Suppose r = n*l + 2*l - 230. What is the tens digit of l?
4
Suppose 12*h - 498 = 6*h. Suppose -w = -5*v + h - 7, w + 44 = 3*v. What is the units digit of v?
6
Let d(w) = -4*w - 2. Let v be d(-6). Let s = v + -1. What is the units digit of s?
1
Let c = 211 + -172. What is the units digit of c?
9
Let j be 18/4 + 1/(-2). Suppose -5*q - 400 = -2*y, j*y - 4*q = 431 + 345. What is the units digit of y?
0
Let m = 39 + 274. What is the units digit of m?
3
Suppose -h = 3*h + 4*s + 80, 3*h + 64 = -s. Let g = h + 14. What is the units digit of (g - -2)*14/(-4)?
1
Suppose -3*j = -15*j + 1752. Let m = j - 45. What is the tens digit of m?
0
Suppose 0 = -26*b + 37*b - 31020. What is the hundreds digit of b?
8
Let p be 4*12/21 - 4/14. What is the tens digit of (-31)/(p/2 - 2)?
3
What is the hundreds digit of (-1585 - -7)/((-12)/8)?
0
Suppose -j = -r - 397, 3*j + 5*r - 214 = 953. What is the hundreds digit of j?
3
Let p(o) = -2*o + 146. Let u(r) = -2*r**2 + 9*r + 5. Let c be u(5). What is the tens digit of p(c)?
4
Let y(s) be the third derivative of s**5/60 - s**4/24 + 3*s**3/2 + 3*s**2. What is the tens digit of y(-6)?
5
Let a = 15 - 4. Let j = -6 + a. Suppose v - 2*l - 70 = -4*v, j*v + l = 85. What is the units digit of v?
6
Suppose 0 = -7*b + 21*b - 32116. What is the hundreds digit of b?
2
Let d(r) = r - 6*r + 4*r**2 - 2 + 3*r. Let l = -309 - -313. What is the units digit of d(l)?
4
Let u = -162 - -444. Suppose -x = -2*q + u, -4*q + 4*x + 227 = -333. What is the hundreds digit of q?
1
Let q be 57/(-4) - (-1 + (-3)/(-4)). Let o = q + 65. What is the tens digit of o?
5
Suppose 101660 = 16*n + 30*n. What is the hundreds digit of n?
2
Let m be (-809)/2*(-6 + (8 - 4)). Suppose 123 = -7*z + m. What is the tens digit of z?
9
Suppose 3*g + 5 = u - 1, -g - 4*u - 2 = 0. Let q(s) = 2*s**2 + 3*s + 2. Let y be q(g). What is the units digit of (-248)/(-16) - 2/y?
5
Suppose -3*p - 4 = -34. Let y(s) = s - 7. Let k be y(p). Suppose 0 = k*h + h - 136. What is the units digit of h?
4
Let a = -2660 - -3962. What is the units digit of a?
2
Suppose -2*f = -4*b + 658, 1 + 5 = 2*f. What is the tens digit of b?
6
Suppose -38*u + 24 = -32*u. Let q(b) be the third derivative of -b**5/60 + 7*b**4/24 - b**3 + 2*b**2. What is the units digit of q(u)?
6
Suppose 0 = -5*i - g + 3*g + 4, -6 = -2*i + 3*g. Let w(m) = 4*m + i*m + 15 + 0*m + m**2 - 2*m. What is the units digit of w(0)?
5
Let v be (96/5)/(33/110). Suppose -452 = -4*t + v. Suppose -5*i + 51 + t = 0. What is the units digit of i?
6
Let j = 2 + -6. Let d be (-6)/j*130/39. Suppose 2*v - d*a + 21 - 93 = 0, -3*a + 88 = 2*v. What is the tens digit of v?
4
Let s(j) = -8 + 29*j + 25 - 33*j + 7*j**2. What is the tens digit of s(4)?
1
Let n = 42 - -343. What is the hundreds digit of n?
3
Suppose -3*p - 36 = -42. Suppose -2*y - y + p*q = -166, 0 = 3*q + 15. What is the tens digit of y?
5
Suppose 4*d - 2*r - 8 = 50, -d = -2*r - 22. Let c = 4 - d. What is the units digit of (26/c)/(1/(-4))?
3
Let a(v) be the second derivative of v**4/4 + v**3/6 - 5*v**2/2 + 20*v. What is the tens digit of a(6)?
0
Let a be (0/(-14))/(1 - -3). Suppose 3*x + 2*c + 12 = 35, 